rmine c(-1).
1
Let w(m) = -m - 22. Suppose 4*o + 32 = 2*j, -12*j + 15*j = 6. Determine w(o).
-15
Let q be (-4)/(-3)*(27/(-6))/(-3). Suppose -q*n - 2 = -n. Let f be n + (-20)/(-5) + 4/1. Let l(c) = c**2 - 7*c - 6. Calculate l(f).
-12
Let w(i) = 159*i + 157*i - 309*i - 1 + 30. Determine w(-12).
-55
Suppose -20 = -54*l + 64*l. Let u(s) = s. Let j(k) = 13*k + 11. Let n(x) = j(x) - 5*u(x). Let q be n(l). Let z(d) = -d**3 - 4*d**2 + 2*d - 6. Determine z(q).
9
Suppose -5*p = 3*r - 11, -4*r + 14 + 12 = p. Suppose k = 5 - 0. Suppose -4*c + c - 2*h + r = 0, -30 = -2*c + k*h. Let z(g) = 3*g - 6. Calculate z(c).
9
Let a(c) be the second derivative of -c**4/12 - 2*c**3/3 + 9*c**2/2 + 92*c + 27. Calculate a(-12).
-87
Suppose -85 + 305 = 22*t. Let x(p) = p**2 - 10*p + 30. Determine x(t).
30
Let o(p) be the third derivative of -p**5/20 - p**4/12 - p**3/6 + 471*p**2 - 3*p + 4. Suppose -z = q - 4, 3*q + 2*z - 9 = 2*q. Give o(q).
-2
Let j(u) = 2*u**2 - 14*u - 55. Let s(f) = -2*f**2 + 15*f + 66. Let g(b) = -5*j(b) - 4*s(b). What is g(6)?
-1
Let t(s) = -4*s + 4. Suppose 7*u - 8*u + 4*y + 12 = 0, -3*u = 4*y - 4. Suppose -13*p = -15*p + u. What is t(p)?
-4
Let n(c) = -10*c**2 + 53*c + 43. Let o(g) = -7*g**2 + 37*g + 28. Let l(f) = 5*n(f) - 7*o(f). Determine l(10).
-21
Let f(y) be the first derivative of -y**4/4 + 2*y**3 - y**2/2 + 3*y - 1673. Determine f(5).
23
Let n(v) = 2*v**3 - 11*v**2 + 11*v - 16. Let o(i) = -i**2 + i - 2. Let p(a) = n(a) - 6*o(a). Determine p(3).
20
Let r(l) be the second derivative of 7*l**4/12 - l**2/2 - 371*l. Let h(j) = -j + 8. Let w be h(7). Determine r(w).
6
Let i(r) be the first derivative of -3*r**2/2 - 10*r - 2. Let c be (-56)/(-16) - 899/62. Give i(c).
23
Let u(w) be the third derivative of 3*w**4/8 - 13*w**3/2 - 1057*w**2. Give u(4).
-3
Let i = 44 + -28. Let b be (i/14)/(2/7). Suppose -2*n + 1 = d, b*n - 5*d = -n - 20. Let s(r) = r**3 + r**2 + 2*r + 1. Give s(n).
-1
Suppose 4*y - 3*i = -8, -2*i - 3*i = 3*y + 6. Let o(w) be the second derivative of -5*w**4/12 + w**3/3 + w**2 + 59*w. Give o(y).
-22
Let y = -15 - -23. Let x(v) be the third derivative of v**6/120 - 3*v**5/20 + v**4/4 + v**3/2 - 3222*v**2 - v - 1. Calculate x(y).
-13
Let i(j) = -12*j - 1. Suppose f + 2*b - 30 = 0, -f + 2*f = 2*b + 14. Let c = f + 0. Let q be -5*(c/(-10) + 2). Calculate i(q).
-13
Let j(d) = 6*d + 8*d**2 + 2 - 14 - d + 7*d + d**3. Let a be j(-5). Let w(f) = -f**3 + f**2 + 3*f + 2. Calculate w(a).
-7
Let k(d) = -8*d + 2. Let m be ((-12)/(-32) - 15/40)/(-1). Suppose -8*t + 16 + m = 0. Give k(t).
-14
Suppose -m = -5*i - 1588, -i = -0*m - 3*m + 326. Let p = -317 - i. Let k(s) = s**3 + s**2 - s + 6. Calculate k(p).
6
Let i(d) be the third derivative of d**6/120 + 2*d**5/15 - d**4/24 + 7*d**3/3 - 3497*d**2. Give i(-6).
92
Let p(l) = 133*l + 27*l - 2355 - 4*l**3 - 6*l**2 + 2360 + 3*l**3. Give p(10).
5
Let p(f) be the second derivative of f**5/20 - 3*f**4/4 + 17*f**3/6 + 7*f**2/2 + f - 361. Determine p(5).
-8
Let k(j) be the second derivative of j**4/4 - j**3/2 + j**2/2 + 2*j + 16. Suppose -u + 4*v + 3 + 8 = 0, 0 = 4*u + 5*v - 2. What is k(u)?
19
Let t(v) = -3*v + 8. Let b(h) = -3*h + 9. Let k(s) = -7*b(s) + 6*t(s). Suppose 481*d - 480*d + 5*x = 26, 26 = 5*d - x. Calculate k(d).
3
Suppose -2 = l - 1. Let y(f) = -2*f**3 - 5 + 34*f**3 - 60*f**3 - 6*f. Let p(j) = 29*j**3 + 7*j + 6. Let c(r) = -5*p(r) - 6*y(r). Give c(l).
-24
Suppose -2*q + 10 = 4*y, -3*q - 3 = -4*q. Let v(g) = 0*g + y + 58*g**3 - 4*g**2 + 4*g - 59*g**3. What is v(-4)?
-15
Let u(i) = -i + 9. Let z(l) = l**3 - 8*l**2 - 6*l + 11. Let j be z(9). Let q(o) = o**3 - 22*o**2 + 21*o + 31. Let s be q(21). Let w = j - s. What is u(w)?
2
Let b(o) = -o**3 - 5*o + 1. Let z = -22 - -18. Let r(l) = -l**3 - l**2 - 5*l. Let p(y) = z*r(y) + 3*b(y). Give p(-3).
-3
Suppose 5*h = 4*y - 42, -547*y - 30 = -549*y + 4*h. Let b(g) = -g**2 - g - 2. Let t = -5 + 8. Let u(l) = -l**2 - 1. Let w(z) = t*u(z) - 2*b(z). Calculate w(y).
-2
Let c(k) = k + 7. Let j be c(-3). Let q(v) = 1974*v + 5*v**2 - 2 - v**3 - 3958*v + 1980*v. Calculate q(j).
-2
Let k(b) = -b**2 + 34*b - 100. Let w = 1707 + -1676. Calculate k(w).
-7
Let u(x) = -x**2 - 7*x - 2. Let w be ((-75)/5 + 8)/(1/2). Let c = -20 - w. Determine u(c).
4
Let d(b) = -7*b. Let a be (-7)/(7/3)*(-8)/6. Suppose -x = u - 0 - a, 2 = -x + u. Let r be (x/(-1))/(-14 - -15). What is d(r)?
7
Suppose 139 = 12*l + 43. Let r = l - -7. Let c(m) = -m + 18. Let z be c(r). Let p(g) = -g**2 + 2*g + 1. Give p(z).
-2
Let m(f) = -f**3 + f + 2. Let t be m(0). Suppose -z + 3*z = -4*x - 18, 3 = -t*z - x. Let o(d) = -5*d - z + 5*d + 11*d + d**2 - 6*d. Give o(-6).
5
Let n = 210 - 128. Let i(f) = -3 - n*f - 3 - 5 + 84*f. Calculate i(8).
5
Let l(v) = -v**3 + 2*v**2 + 5*v + 2. Suppose -5*i = 4*x + 13, 12*x + 2*i + 16 = 14*x. Suppose 15 = 3*k - x*y - 3, -3*y - 26 = -5*k. Give l(k).
-10
Let d be (-3)/4 + (-1645)/(-188). Let c(x) = 13*x - 90. Give c(d).
14
Let z(k) = 7*k**3 + 37*k**2 - 28*k + 45. Let l(g) = g + 2. Let c be l(7). Let q(h) = -3*h**3 - 18*h**2 + 14*h - 22. Let d(v) = c*q(v) + 4*z(v). What is d(13)?
-5
Let o(g) = 2*g**2 - 11*g + 7. Let z be o(5). Let i(p) = 14*p + 7*p - 26*p + 3*p**2 + 3 - 2*p**z. Give i(5).
3
Let l(q) = 4*q + 3 + 1 - 5 + 2*q**2 - q**3. Suppose -8 = 10*y - 14*y. Let h be (y/4)/(((-25)/(-30))/5). Determine l(h).
2
Let n(o) = -2*o - 65 + 17 - o**3 + 23 + 61. What is n(0)?
36
Let u(x) = -5*x**3 + 51*x**2 + 32*x - 42. Let o(y) = -3*y**3 + 28*y**2 + 17*y - 22. Let s(c) = 7*o(c) - 4*u(c). What is s(-6)?
-4
Let s(f) = 4*f - 30. Let a be 22/(-22) - (15/10 + -4)*2. Determine s(a).
-14
Let i(d) be the third derivative of d**5/60 - 4*d**3/3 - 60*d**2 + 2*d. Give i(3).
1
Let k(v) = -20*v**3 - 3*v**2 + 2*v + 5. Let i be (-178 - -177)/(3/(-18)*-3). Give k(i).
149
Suppose -3*q - 3 = -6. Suppose -118*y = -105*y - 26. Let s(w) = y*w - q - 3 + 9 + 3. Give s(-7).
-6
Let f(n) = -n**2 + 6*n - 8. Let v = -1007 + 1015. Determine f(v).
-24
Let t(y) = 3*y - 4. Let c(k) = -3*k + 4. Let j(r) = -3*c(r) - 4*t(r). Let s(i) = -i**2 + 7*i + 46. Let g be s(11). Suppose n = 5 - g. Calculate j(n).
-5
Let c(r) be the third derivative of r**4/24 + 5*r**3/2 - 96*r**2. Let w be -4 + (0/5 - 3). Give c(w).
8
Let t(c) = 11*c**3 + 2*c - 1. Let h = -54 + 79. Suppose 5*l + 0*l + 5 = 0, 3*m = -l + 71. Suppose -z + h - m = 0. What is t(z)?
12
Let p(d) be the third derivative of -d**4/12 - 11*d**3/6 + 327*d**2 - 1. Determine p(3).
-17
Let p(v) = -v - 3. Let n be ((-112)/140)/(49/(-25) - -2). Calculate p(n).
17
Let t(i) = 11*i**2 + 26*i + 27. Let x(k) = -5*k**2 - 12*k - 13. Let s(z) = 6*t(z) + 13*x(z). Let o(l) = 2. Let d(h) = -3*o(h) - s(h). Determine d(-2).
-3
Let i(d) = 4*d**2 - 15*d - 62. Let w(h) = 11*h**2 - 27*h - 128. Let o(a) = 5*i(a) - 2*w(a). What is o(-6)?
0
Let n(y) = 3*y + 228 + 2*y + 230 - 455. Give n(2).
13
Let n(m) = m + 10. Let o(l) = l + 15. Let b(t) = 8*n(t) - 5*o(t). Let y be b(-3). Let f(k) = 3*k - 3. Calculate f(y).
-15
Let j(i) = i**2 - 6*i - 7. Let r be j(0). Let a(d) = -d**3 - 9*d**2 - 16*d - 8. Give a(r).
6
Suppose 3 = v - 1. Let y(g) = 17*g + 54. Let t be y(-3). Let i(l) = 0*l + 5*l + 32 - 34 - t*l + l. Determine i(v).
10
Suppose 2*m = -3*l + 5, m - 2*m = 3*l - 7. Suppose 5*d - t = -4*t + 1, 5*t + 9 = -l*d. Let g(b) = 257*b + 0*b**2 - b**2 + 0*b**2 - 256*b. Determine g(d).
-2
Let k be 120 + (-25)/(-5) - 18/3. Let i(u) = -391*u**2 - 119*u. Let r(m) = -13*m**2 - 4*m. Let j(w) = k*r(w) - 4*i(w). What is j(-1)?
17
Let q(l) = 3*l**3 - 13*l**2 - 21*l + 57. Let c be q(5). Let w(o) be the first derivative of 23 - 6*o - 3/2*o**c. Give w(-7).
15
Let v(d) = 5*d + 4. Let p(c) = -3133 - 16*c - 3127 + 6248. Let y be 2/8 - (-14)/8. Let i(n) = y*p(n) + 7*v(n). Calculate i(-5).
-11
Let i(d) = -2*d**2 - 5*d - 3. Let f(k) = k + 1. Let w(z) = 4*f(z) + i(z). Let b = 26 - 24. Let t be (-1)/(b/(0 + 4)). Calculate w(t).
-5
Let o(h) = h**3. Let p(a) = -11*a**2 - 19*a - 7. Let j(t) = o(t) - p(t). Suppose -k - 34 = 4*v, 0 = -0*v + 4*v - 2*k + 40. Determine j(v).
-2
Let k(q) = -q**2 - 17*q + 115. Let d be k(6). Let s be (-2)/(-23) - 159/d. Let o(m) = 0 - 4 - m + 1. Give o(s).
-10
Let u = -178 + 172. Let j(w) = -w**3 - 5*w**2 + 5*w + 18. Calculate j(u).
24
Let i(x) = -3*x + 63. Let v(c) = c**2 - 35*c - 1326. Let d be v(58). Calcul